ase 14
287
-2135 (base 6) to base 13
-2ba
301 (base 4) to base 3
1211
What is -5ad (base 14) in base 16?
-46d
-298 (base 10) to base 15
-14d
Convert -1fa5 (base 16) to base 11.
-60a5
-478d (base 15) to base 6
-154224
What is -11713 (base 14) in base 8?
-123065
What is -25695 (base 12) in base 15?
-1020e
161a (base 16) to base 9
7676
What is -1629 (base 10) in base 2?
-11001011101
What is -ccbc (base 13) in base 7?
-146141
-13324 (base 10) to base 16
-340c
Convert 5047 (base 8) to base 10.
2599
What is -11822 (base 13) in base 12?
-16722
17b (base 16) to base 11
315
Convert -c4b (base 15) to base 12.
-172b
Convert 315531 (base 6) to base 5.
1312103
What is -1a546 (base 14) in base 2?
-10000010101010010
What is 2151 (base 7) in base 9?
1046
What is 204411 (base 6) in base 7?
66205
What is 11261 (base 8) in base 12?
2929
Convert 262 (base 11) to base 13.
1ab
13226 (base 8) to base 10
5782
Convert 558 (base 14) to base 11.
882
Convert -21011 (base 4) to base 10.
-581
What is -3493 (base 13) in base 2?
-1110011011011
Convert 6065 (base 10) to base 2.
1011110110001
Convert 1204 (base 14) to base 3.
11022022
-22232 (base 10) to base 15
-68c2
-719 (base 11) to base 7
-2346
-10042 (base 5) to base 2
-1010000111
What is 5552 (base 6) in base 16?
50c
Convert eb02 (base 15) to base 12.
2493b
What is 7647 (base 10) in base 8?
16737
Convert 5c25 (base 13) to base 5.
404134
310021 (base 5) to base 9
14653
Convert -c326 (base 16) to base 2.
-1100001100100110
Convert 1102311 (base 4) to base 9.
7240
Convert -33061 (base 11) to base 13.
-18ac0
10907 (base 10) to base 5
322112
What is 1a951 (base 11) in base 6?
342412
Convert 3031022 (base 4) to base 11.
9957
What is -3455 (base 8) in base 9?
-2461
Convert -1210153 (base 6) to base 4.
-33201111
Convert -11000010101 (base 2) to base 5.
-22212
What is 62731 (base 8) in base 15?
7ad3
Convert -101000011 (base 2) to base 5.
-2243
Convert 58c5 (base 14) to base 13.
7064
Convert 32112 (base 4) to base 9.
1230
20638 (base 9) to base 14
4d87
What is 4172 (base 15) in base 3?
200222022
Convert 30430 (base 6) to base 2.
111111010010
What is -5da6 (base 15) in base 12?
-b670
3644 (base 9) to base 7
10624
Convert -42a8 (base 12) to base 9.
-11042
What is 2003131 (base 4) in base 3?
102112121
Convert 1110230 (base 4) to base 10.
5420
What is -30013 (base 5) in base 3?
-2120202
-16a (base 13) to base 3
-100112
Convert 103341 (base 5) to base 4.
320030
1097 (base 10) to base 16
449
Convert 221202 (base 4) to base 11.
1aa7
6270 (base 12) to base 13
4b72
26347 (base 8) to base 9
16682
What is 7e1 (base 16) in base 15?
8e7
1307 (base 15) to base 16
fd9
What is -24521 (base 6) in base 15?
-1134
What is 1312 (base 7) in base 5?
3444
536 (base 9) to base 4
12312
Convert -52204 (base 7) to base 12.
-74a1
Convert 17a (base 13) to base 9.
330
-1101110101 (base 2) to base 10
-885
What is -d716 (base 14) in base 3?
-1212211202
-1262 (base 11) to base 15
-746
Convert a3b (base 12) to base 7.
4223
Convert -315653 (base 7) to base 15.
-113ce
Convert -640 (base 7) to base 8.
-502
Convert -104140 (base 5) to base 14.
-14a2
What is -e9 (base 16) in base 2?
-11101001
What is -132022 (base 4) in base 15?
-88a
What is 78a (base 14) in base 12?
a46
2020322 (base 4) to base 8
21072
242222 (base 6) to base 9
32135
Convert 7805 (base 14) to base 6.
240113
What is 3341211 (base 5) in base 13?
20a92
Convert 1715 (base 11) to base 7.
6253
Convert 391 (base 14) to base 7.
2041
-1111 (base 2) to base 15
-10
Convert -3763 (base 11) to base 3.
-20201211
-10556 (base 7) to base 4
-221333
Convert 4951 (base 11) to base 5.
201334
Convert 104051 (base 7) to base 12.
a65b
What is -15293 (base 11) in base 6?
-244104
What is 151 (base 8) in base 15?
70
Convert -10113300 (base 4) to base 15.
-5489
What is 1350 (base 6) in base 7?
1014
100010100111 (base 2) to base 9
3031
Convert 2330 (base 6) to base 5.
4213
What is 210033 (base 4) in base 6?
14423
12488 (base 11) to base 3
220112100
What is a7a (base 13) in base 11?
1389
What is -13b2c (base 16) in base 13?
-2a956
Convert -34240 (base 6) to base 13.
-228c
10013 (base 4) to base 16
107
Convert -15835 (base 11) to base 16.
-571e
Convert -1034205 (base 6) to base 11.
-35755
-358 (base 11) to base 9
-523
Convert -1c23 (base 13) to base 14.
-179c
-2c8 (base 16) to base 13
-42a
Convert 6911 (base 10) to base 11.
5213
Convert -364 (base 9) to base 11.
-254
-324410 (base 6) to base 5
-1330214
-200012202 (base 3) to base 6
-141245
-22334 (base 5) to base 10
-1594
Convert 112222121 (base 3) to base 11.
8231
Convert 1b65 (base 14) to base 4.
1031331
Convert -74 (base 11) to base 6.
-213
What is -34b2 (base 13) in base 8?
-16364
-20012010 (base 3) to base 5
-121022
Convert -59de (base 16) to base 6.
-254302
Convert -102335 (base 8) to base 15.
-a128
3932 (base 10) to base 7
14315
What is 102244 (base 6) in base 14?
3056
4672 (base 9) to base 10
3467
Convert 989a (base 11) to base 10.
13056
37004 (base 8) to base 16
3e04
-b8c (base 16) to base 14
-1112
Convert -5454 (base 7) to base 10.
-1950
-2dd (base 16) to base 5
-10413
20322 (base 6) to base 2
101010011010
Convert -783a (base 12) to base 5.
-411134
What is 11021 (base 5) in base 7?
2135
-390 (base 10) to base 2
-110000110
-50cd (base 16) to base 6
-235433
What is 3040 (base 8) in base 15?
6e8
What is 24110 (base 5) in base 3?
2102221
Convert -3310 (base 5) to base 7.
-1220
What is -263 (base 12) in base 10?
-363
What is 365 (base 7) in base 5?
1234
-605 (base 10) to base 15
-2a5
What is -403 (base 7) in base 14?
-103
-87a2 (base 13) to base 3
-221220200
What is -640 (base 9) in base 7?
-1344
2145 (base 8) to base 3
1112200
-5c3 (base 15) to base 10
-1308
What is 1388 (base 13) in base 3?
10212022
-23610 (base 9) to base 4
-3312330
What is 1c5 (base 14) in base 13?
225
Convert -380 (base 11) to base 2.
-111000011
-323d (base 14) to base 3
-102220110
Convert 10a (base 16) to base 12.
1a2
Convert -1722 (base 9) to base 15.
-5cb
21430 (base 6) to base 5
43340
10047 (base 8) to base 16
1027
Convert 575 (base 16) to base 13.
836
-14a8 (base 11) to base 8
-3615
27 (base 14) to base 5
120
What is -162551 (base 8) in base 13?
-20968
Convert -584 (base 13) to base 14.
-4c1
Convert 1313250 (base 6) to base 14.
1c370
What is -3a66 (base 12) in base 16?
-1a2e
-1640 (base 9) to base 14
-655
What is 111232 (base 4) in base 7?
4024
-20005 (base 9) to base 10
-13127
Convert 246 (base 13) to base 15.
1b6
Convert 421130 (base 5) to base 10.
13915
Convert 1336 (base 9) to base 8.
1755
Convert -44414 (base 5) to base 7.
-12031
-ba67 (base 12) to base 15
-6137
1a6 (base 12) to base 7
534
What is -14330 (base 11) in base 3?
-1000221010
Convert e7 (base 16) to base 6.
1023
What is 21211022 (base 3) in base 11?
4317
Convert -aa (base 14) to base 11.
-127
4223 (base 7) to base 2
10111001111
What is -3706 (base 10) in base 3?
-12002021
Convert -2322 (base 4) to base 16.
-ba
What is -102020021 (base 3) in base 16?
-1ffc
Convert -b752 (base 14) to base 9.
-47342
64850 (base 9) to base 10
42975
What is 3212230 (base 4) in base 5?
433024
Convert -1120 (base 10) to base 14.
-5a0
What is cb (base 14) in base 7?
344
-1a8b (base 15) to base 3
-21220012
Convert -719 (base 10) to base 3.
-222122
Convert -4197 (base 12) to base 6.
-53111
857 (base 11) to base 5
13110
Convert 248 (base 14) to base 11.
385
What is 947 (base 10) in base 11?
791
Convert -2133 (base 4) to base 7.
-315
What is 1100332 (base 4) in base 13?
2488
Convert -6264 (base 7) to base 11.
-1722
308 (base 9) to base 2
11111011
-1111101 (base 2) to base 3
-11122
-102200 (base 3) to base 9
-380
43ce (base 15) to base 10
14369
Convert 1432 (base 6) to base 16.
17c
Convert -1255 (base 8) to base 11.
-573
-11032211 (base 4) to base 7
-116300
What is -945 (base 11) in base 12?
-7aa
Convert -80d5 (base 15) to base 13.
-c4c4
What is 214 (base 8) in base 16?
8c
Convert 6001 (base 8) to base 5.
44243
221 (base 7) to base 12
95
What is 15a (base 14) in base 4?
10110
What is -654 (base 7) in base 16?
-14d
-934 (base 11) to base 8
-2146
What is -305 (base 14) in base 4?
-21101
Convert 500 (base 9) to base 10.
405
13212302 (base 4) to base 9
46655
38 (base 11) to base 15
2b
53402 (base 8) to base 3
1010112222
-5356 (base 10) to base 4
-1103230
What is 1